{"id":2912,"date":"2015-12-15T09:55:35","date_gmt":"2015-12-15T14:55:35","guid":{"rendered":"http:\/\/cdnpavocats.ca\/TEMPSITE\/wordpress\/?page_id=2912"},"modified":"2022-12-13T14:43:38","modified_gmt":"2022-12-13T19:43:38","slug":"sylvie-poirier","status":"publish","type":"page","link":"https:\/\/cdnpavocats.ca\/English\/sylvie-poirier\/","title":{"rendered":"Sylvie Poirier"},"content":{"rendered":"\t\t\t\t\t<style>\r\n\t\t\t\t\t\t.progress-bar {\r\n\t\t\t\t\t\t    -webkit-transition: width 5s !important;\r\n\t\t\t\t\t\t    transition: width 5s !important;\r\n\t\t\t\t\t\t    -moz-transition: width 5s !important;\r\n\t\t\t\t\t\t}\r\n\t\t\t\t\t<\/style>\r\n\t\t\t\t\t<div class=\"about-me-page-container\">\r\n\t\t\t\t\t\t<div class=\"row\">\r\n\t\t\t\t\t\t\t<div class=\"col-sm-4\">\r\n\t\t\t\t\t\t\t\t<div class=\"thumbnail about-me-page-thumb\">\r\n\t\t\t\t\t\t\t\t\t<img decoding=\"async\" src=\"https:\/\/cdnpavocats.ca\/English\/wp-content\/uploads\/2016\/10\/Sylvie-1.jpg\" alt=\"\">\r\n\t\t\t\t\t\t\t\t<\/div>\r\n\t\t\t\t\t\t\t<\/div>\r\n\t\t\t\t\t\t\t<div class=\"col-sm-8\">\r\n\t\t\t\t\t\t\t\t<div class=\"panel panel-default\">\r\n\t\t\t\t\t\t\t\t  <div class=\"panel-heading\">\r\n\t\t\t\t\t\t\t\t    <h3 class=\"panel-title about-me-page-title\"><\/h3>\r\n\t\t\t\t\t\t\t\t  <\/div>\r\n\t\t\t\t\t\t\t\t  <div class=\"panel-body about-me-page-bio\">\r\n\t\t\t\t\t\t\t\t\t<p><p style=\"text-align: justify;\">Sylvie Poirier has dedicated her career to the realm of professional discipline, for which she developed a renowned expertise, notably with members of the financial sector. She regularly represents syndics and assistant syndics before disciplinary bodies and instances of appeal of various professional and regulatory bodies. She also acts as syndic ad hoc in the course of representation and investigation mandates.<\/p><\/p>\r\n\t\t\t\t\t\t\t\t  <\/div>\r\n\t\t\t\t\t\t\t\t<\/div>\t\r\n\t\t\t\t\t\t\t<\/div>\r\n\t\t\t\t\t\t<\/div>\r\n\t\t\t\t\t\t<div class=\"row\">\r\n\t\t\t\t\t\t\r\n\t\t\t\t\t\t\t\t\t\t\t\t\t<\/div>\r\n\t\t\t\t\t<\/div>\r\n\t\t\t\t\t\t\r\n\t\t\t\t\t\n<p style=\"text-align: right;\"><strong><i class=\"wp-svg-hammer-2 hammer-2\"><\/i> Bar Admission: <\/strong>1990 \u00a0\u00a0\u00a0 <i class=\"wp-svg-phone phone\"><\/i> 514.360.4455 \u00a0\u00a0\u00a0 <a href=\"http:\/\/cdnpavocats.ca\/Vcard\/Sylvie Poirier.vcf\"><i class=\"wp-svg-envelop envelop\"><\/i> Vcard<\/a>\u00a0 \u00a0 \u00a0<a href=\"mailto:spoirier@cdnpavocats.ca\"><i class=\"wp-svg-mail-2 mail-2\"><\/i> spoirier@cdnpavocats.ca<\/a> \u00a0\u00a0\u00a0 <i class=\"wp-svg-linkedin linkedin\"><\/i><\/p>\n<p><strong><div class=\"tmnf-sc-box normal   \">Academic Background<\/div><\/strong><\/p>\n<ul>\n<li>Canadian Securities Institute (mention of excellence) (2000)<\/li>\n<li>Bachelor of Law (LL.B.), Universit\u00e9 de Montr\u00e9al (1988)<\/li>\n<\/ul>\n<p><strong><div class=\"tmnf-sc-box normal   \">Areas of Expertise<\/div><\/strong><\/p>\n<ul>\n<li>Disciplinary Law<\/li>\n<\/ul>\n<p><strong><div class=\"tmnf-sc-box normal   \">Honors and Associations<\/div><\/strong><\/p>\n<ul>\n<li>Liaison Committee of the Montreal Bar with the <em>Bureau de d\u00e9cision et de r\u00e9vision<\/em> (2014 to date)<\/li>\n<li>Liaison Committee of the Montreal Bar with the <em>Tribunal des professions<\/em> (2011 to date)<\/li>\n<li>Member of the Quebec Bar\u2019s Disciplinary Committee (2004 to 2009)<\/li>\n<\/ul>\n<p style=\"text-align: left;\"><strong><div class=\"tmnf-sc-box normal   \">Conferences and Publications<\/div><\/strong><\/p>\n<ul>\n<li>Speaker, <em>Colloque sur les d\u00e9veloppements r\u00e9cents en droit professionnel et disciplinaire<\/em>, Barreau du Qu\u00e9bec, 1999, 2005, 2011, 2014 and 2017<\/li>\n<li>Lecturer, Universit\u00e9 de Montr\u00e9al, <em>Programme d\u2019\u00e9tudes sup\u00e9rieures en droit des affaires avanc\u00e9<\/em>, 2012 and 2014<\/li>\n<li>Lecturer, Bar School, Ethics and professional conduct, 2012<\/li>\n<li>Author<em>, La discipline professionnelle au Qu\u00e9bec,<\/em>Cowansville, \u00c9ditions Yvon Blais inc., 1998<\/li>\n<li>Publication of various academic articles in disciplinary law<\/li>\n<\/ul>\n<p><strong style=\"text-align: left;\"><div class=\"tmnf-sc-box normal   \">Assistant<\/div><\/strong><\/p>\n<p>Ms. Aksana Matytsine<\/p>\n<p><i class=\"wp-svg-phone phone\"><\/i> 514.409.2201, ext. 201<\/p>\n<p><i class=\"wp-svg-mail-2 mail-2\"><\/i> <a href=\"mailto:amatytsine@cdnpavocats.ca\">amatytsine@cdnpavocats.ca<\/a><\/p>\n","protected":false},"excerpt":{"rendered":"<p>Bar Admission: 1990 \u00a0\u00a0\u00a0 514.360.4455 \u00a0\u00a0\u00a0 Vcard\u00a0 \u00a0 \u00a0 spoirier@cdnpavocats.ca \u00a0\u00a0\u00a0 Canadian Securities Institute (mention of excellence) (2000) Bachelor of Law (LL.B.), Universit\u00e9 de Montr\u00e9al (1988) Disciplinary Law Liaison Committee of the Montreal Bar with the Bureau de d\u00e9cision et de r\u00e9vision (2014 to date) Liaison Committee of the Montreal Bar with the Tribunal des &hellip;<\/p>\n","protected":false},"author":1,"featured_media":0,"parent":0,"menu_order":0,"comment_status":"closed","ping_status":"closed","template":"template-fullwidth.php","meta":{"footnotes":""},"class_list":["post-2912","page","type-page","status-publish","hentry"],"_links":{"self":[{"href":"https:\/\/cdnpavocats.ca\/English\/wp-json\/wp\/v2\/pages\/2912","targetHints":{"allow":["GET"]}}],"collection":[{"href":"https:\/\/cdnpavocats.ca\/English\/wp-json\/wp\/v2\/pages"}],"about":[{"href":"https:\/\/cdnpavocats.ca\/English\/wp-json\/wp\/v2\/types\/page"}],"author":[{"embeddable":true,"href":"https:\/\/cdnpavocats.ca\/English\/wp-json\/wp\/v2\/users\/1"}],"replies":[{"embeddable":true,"href":"https:\/\/cdnpavocats.ca\/English\/wp-json\/wp\/v2\/comments?post=2912"}],"version-history":[{"count":19,"href":"https:\/\/cdnpavocats.ca\/English\/wp-json\/wp\/v2\/pages\/2912\/revisions"}],"predecessor-version":[{"id":4451,"href":"https:\/\/cdnpavocats.ca\/English\/wp-json\/wp\/v2\/pages\/2912\/revisions\/4451"}],"wp:attachment":[{"href":"https:\/\/cdnpavocats.ca\/English\/wp-json\/wp\/v2\/media?parent=2912"}],"curies":[{"name":"wp","href":"https:\/\/api.w.org\/{rel}","templated":true}]}}