{"id":2879,"date":"2015-12-10T15:30:47","date_gmt":"2015-12-10T20:30:47","guid":{"rendered":"http:\/\/cdnpavocats.ca\/TEMPSITE\/wordpress\/?page_id=2879"},"modified":"2026-01-09T15:14:36","modified_gmt":"2026-01-09T20:14:36","slug":"vincent-grenier-fontaine","status":"publish","type":"page","link":"https:\/\/cdnpavocats.ca\/English\/vincent-grenier-fontaine\/","title":{"rendered":"Vincent Grenier-Fontaine"},"content":{"rendered":"\t\t\t\t\t<style>\r\n\t\t\t\t\t\t.progress-bar {\r\n\t\t\t\t\t\t    -webkit-transition: width 5s !important;\r\n\t\t\t\t\t\t    transition: width 5s !important;\r\n\t\t\t\t\t\t    -moz-transition: width 5s !important;\r\n\t\t\t\t\t\t}\r\n\t\t\t\t\t<\/style>\r\n\t\t\t\t\t<div class=\"about-me-page-container\">\r\n\t\t\t\t\t\t<div class=\"row\">\r\n\t\t\t\t\t\t\t<div class=\"col-sm-4\">\r\n\t\t\t\t\t\t\t\t<div class=\"thumbnail about-me-page-thumb\">\r\n\t\t\t\t\t\t\t\t\t<img decoding=\"async\" src=\"https:\/\/cdnpavocats.ca\/English\/wp-content\/uploads\/2016\/10\/Vincent-1.jpg\" alt=\"\">\r\n\t\t\t\t\t\t\t\t<\/div>\r\n\t\t\t\t\t\t\t<\/div>\r\n\t\t\t\t\t\t\t<div class=\"col-sm-8\">\r\n\t\t\t\t\t\t\t\t<div class=\"panel panel-default\">\r\n\t\t\t\t\t\t\t\t  <div class=\"panel-heading\">\r\n\t\t\t\t\t\t\t\t    <h3 class=\"panel-title about-me-page-title\"><\/h3>\r\n\t\t\t\t\t\t\t\t  <\/div>\r\n\t\t\t\t\t\t\t\t  <div class=\"panel-body about-me-page-bio\">\r\n\t\t\t\t\t\t\t\t\t<p><p style=\"text-align: justify;\">Vincent Grenier-Fontaine  focuses its practice on insurance law and professional liability, particularly in contentious cases involving architects, lawyers, contractors in the construction industry, engineers, professional technologists, and pharmacists. <\/p><p style=\"text-align: justify;\">He has work experience as a personal lines damage insurance agent with an insurer and is also a Chartered Human Resources Professional (CHRP). He has served as counsel in a public inquiry commission and regularly appears before civil courts and disciplinary bodies.<\/p><p style=\"text-align: justify;\">He also serves as a member of the Statutory Committee of the Quebec Bar\u2019s Compensation Fund.<\/p><\/p>\r\n\t\t\t\t\t\t\t\t  <\/div>\r\n\t\t\t\t\t\t\t\t<\/div>\t\r\n\t\t\t\t\t\t\t<\/div>\r\n\t\t\t\t\t\t<\/div>\r\n\t\t\t\t\t\t<div class=\"row\">\r\n\t\t\t\t\t\t\r\n\t\t\t\t\t\t\t\t\t\t\t\t\t<\/div>\r\n\t\t\t\t\t<\/div>\r\n\t\t\t\t\t\t\r\n\t\t\t\t\t\n\n\n\n<p class=\"has-text-align-right\"><strong><i class=\"wp-svg-hammer-2 hammer-2\"><\/i> Bar Admission: <\/strong>2012 &nbsp;&nbsp;&nbsp; <i class=\"wp-svg-phone phone\"><\/i> 514.360.4452 &nbsp;&nbsp;&nbsp; <a href=\"http:\/\/cdnpavocats.ca\/Vcard\/Vincent Grenier-Fontaine.vcf\"><i class=\"wp-svg-envelop envelop\"><\/i> Vcard<\/a>&nbsp; &nbsp;&nbsp;<a href=\"mailto:vgrenier-fontaine@cdnpavocats.ca\"><i class=\"wp-svg-mail-2 mail-2\"><\/i> vincentgf@cdnpavocats.ca <\/a>&nbsp;&nbsp;&nbsp; <a href=\"https:\/\/ca.linkedin.com\/in\/vincent-grenier-fontaine-a1392077\" target=\"_blank\" rel=\"noopener\"><i class=\"wp-svg-linkedin linkedin\"><\/i><\/a><\/p>\n\n\n\n<p><strong><div class=\"tmnf-sc-box normal   \">Academic Background<\/div><\/strong><\/p>\n\n\n\n<ul class=\"wp-block-list\">\n<li>Bachelor of Law (LL.B.), Universit\u00e9 de Montr\u00e9al (2011)<\/li>\n\n\n\n<li>Certificate in industrial relations, Universit\u00e9 de Montr\u00e9al (2008)<\/li>\n<\/ul>\n\n\n\n<p class=\"has-text-align-left\"><strong><div class=\"tmnf-sc-box normal   \">Areas of Expertise<\/div><\/strong><\/p>\n\n\n\n<ul class=\"wp-block-list\">\n<li>Civil and professional liability<\/li>\n\n\n\n<li>Construction Law<\/li>\n\n\n\n<li>Disciplinary Law<\/li>\n\n\n\n<li>Insurance<\/li>\n\n\n\n<li>Labour Law<\/li>\n<\/ul>\n\n\n\n<p><strong><div class=\"tmnf-sc-box normal   \">Honors and Associations<\/div><\/strong><\/p>\n\n\n\n<ul class=\"wp-block-list\">\n<li><em>Best Lawyers in Canada:<\/em>\u00a0recognized for Insurance Law (2026), for professional liability (2026) and for Construction Law (2026)<\/li>\n\n\n\n<li>Pierre-Basile-Mignault Moot (2011)<\/li>\n<\/ul>\n\n\n\n<p class=\"has-text-align-left\"><strong><div class=\"tmnf-sc-box normal   \">Conferences and Publications<\/div><\/strong><\/p>\n\n\n\n<ul class=\"wp-block-list\">\n<li>Speaker at <em>Colloque sur les d\u00e9veloppements r\u00e9cents en d\u00e9ontologie, droit professionnel et disciplinaire<\/em>, Barreau du Qu\u00e9bec, 2017<\/li>\n\n\n\n<li>Co-author, <em>&#8220;La protection du secret professionnel et du privil\u00e8ge relatif au litige dans le cadre d&#8217;une enqu\u00eate d\u00e9ontologique&#8221;, D\u00e9veloppements r\u00e9cents en d\u00e9ontologie, droit professionnel et disciplinaire<\/em>, \u00c9dition Yvon Blais, Vol. 431, 2017<\/li>\n\n\n\n<li>Co-author, <em>&#8220;Le r\u00f4le du courtier en assurance de dommages dans le cadre de l\u2019application des articles 2400 et 2405 C.c.Q. &#8220;<\/em>, <em>D\u00e9veloppements r\u00e9cents en droit des assurances<\/em>, \u00c9ditions Yvon Blais, vol. 404, 2015<\/li>\n\n\n\n<li>Coauthor, &#8220;<em>L\u2019ind\u00e9pendance du syndic&#8221;<\/em>, D<em>\u00e9veloppements r\u00e9cents en d\u00e9ontologie, droit professionnel et disciplinaire,\u00a0<\/em>\u00c9ditions Yvon Blais, vol. 384, 2014<\/li>\n\n\n\n<li>Coauthor, <em>&#8220;Sur la voie d\u2019une r\u00e9forme, l\u2019expertise commune : utopie ou panac\u00e9e?&#8221;<\/em>, <em>La responsabilit\u00e9 m\u00e9dicale,\u00a0<\/em>\u00c9ditions Yvon Blais, vol. 14, 2012<\/li>\n<\/ul>\n\n\n\n<p><strong style=\"text-align: left;\"><div class=\"tmnf-sc-box normal   \">Assistant<\/div><\/strong><\/p>\n\n\n\n<p>Ms. Manon Fauvel<\/p>\n\n\n\n<p><i class=\"wp-svg-phone phone\"><\/i> 514.409.2201, ext. 209<\/p>\n\n\n\n<p><i class=\"wp-svg-mail-2 mail-2\"><\/i> <a href=\"mailto:mfauvel@cdnpavocats.ca\">mfauvel@cdnpavocats.ca<\/a><\/p>\n","protected":false},"excerpt":{"rendered":"<p>Bar Admission: 2012 &nbsp;&nbsp;&nbsp; 514.360.4452 &nbsp;&nbsp;&nbsp; Vcard&nbsp; &nbsp;&nbsp; vincentgf@cdnpavocats.ca &nbsp;&nbsp;&nbsp; Ms. Manon Fauvel 514.409.2201, ext. 209 mfauvel@cdnpavocats.ca<\/p>\n","protected":false},"author":1,"featured_media":0,"parent":0,"menu_order":0,"comment_status":"closed","ping_status":"closed","template":"template-fullwidth.php","meta":{"footnotes":""},"class_list":["post-2879","page","type-page","status-publish","hentry"],"_links":{"self":[{"href":"https:\/\/cdnpavocats.ca\/English\/wp-json\/wp\/v2\/pages\/2879","targetHints":{"allow":["GET"]}}],"collection":[{"href":"https:\/\/cdnpavocats.ca\/English\/wp-json\/wp\/v2\/pages"}],"about":[{"href":"https:\/\/cdnpavocats.ca\/English\/wp-json\/wp\/v2\/types\/page"}],"author":[{"embeddable":true,"href":"https:\/\/cdnpavocats.ca\/English\/wp-json\/wp\/v2\/users\/1"}],"replies":[{"embeddable":true,"href":"https:\/\/cdnpavocats.ca\/English\/wp-json\/wp\/v2\/comments?post=2879"}],"version-history":[{"count":25,"href":"https:\/\/cdnpavocats.ca\/English\/wp-json\/wp\/v2\/pages\/2879\/revisions"}],"predecessor-version":[{"id":4578,"href":"https:\/\/cdnpavocats.ca\/English\/wp-json\/wp\/v2\/pages\/2879\/revisions\/4578"}],"wp:attachment":[{"href":"https:\/\/cdnpavocats.ca\/English\/wp-json\/wp\/v2\/media?parent=2879"}],"curies":[{"name":"wp","href":"https:\/\/api.w.org\/{rel}","templated":true}]}}